ded by q.
105
Let b = 124 + -72. Suppose -9*m + 202 = 13. What is the remainder when b is divided by m?
10
Let l = -108 - -49. Let b = l - -4. Calculate the remainder when 58 is divided by 10/b - (-222)/11.
18
Suppose 3*r + 4*t - 140 = 0, 3*t = -5*r + 5*t + 268. Suppose -30 = -w - 4*w. Calculate the remainder when r is divided by w.
4
Suppose 0 = 4*k + z - 38436 - 26800, -4*z - 65196 = -4*k. Calculate the remainder when k is divided by 54.
53
Let w(s) = s**2 - 150*s + 5729. Calculate the remainder when w(65) is divided by 58.
30
Suppose 7*z = 15*z - 256. Suppose z*t - 22*t - 1810 = 0. Calculate the remainder when t is divided by 23.
20
Let u(d) = 7*d**3 + 7*d**2 + 3*d - 5. What is the remainder when u(4) is divided by 142?
141
Let j = 94 - -36. Suppose 919*m - 918*m - l = 13, 0 = 4*m - l - 79. What is the remainder when j is divided by m?
20
Let g(i) = -i**3 - 40*i**2 - 42*i - 98. Let o(l) = l + 66. Calculate the remainder when o(-11) is divided by g(-39).
17
Suppose -147*y + 51*y = 189*y - 104025. Calculate the remainder when 1114 is divided by y.
19
Let t = 192 - 182. What is the remainder when (-2660)/(-25) - (-3)/5 is divided by t?
7
Let o be (-15)/20*(-12)/9 - -3. Suppose 4*r + 46 = -4*b + 458, -560 = -5*b + o*r. What is the remainder when b is divided by 11?
9
Suppose n = -4*i + 7, -i + 0*i = -n + 22. Let l(u) = 3*u**2 - 67 - 5*u**2 - 13*u + 36 + 21. What is the remainder when n is divided by l(-4)?
9
Calculate the remainder when 6/(-4)*(-13 - 825)*(-28)/(-21) is divided by 556.
8
Suppose 2174 = -7*n - 276. Let l = n + 384. Calculate the remainder when 62 is divided by l.
28
Let w be -20*(0 + (-12)/(-10)). Let b be (w/(-9))/((-1)/3). What is the remainder when 87 is divided by 4*(-117)/(-21) - b/(-28)?
21
Let j = 9659 - 9566. Calculate the remainder when 2137 is divided by j.
91
Suppose -3*z + 2232 = 5*z. Let y = z - -206. Calculate the remainder when y is divided by 98.
93
Let n = -91 + 159. Suppose -3*t = 3*a - 21, 2*t + 6*a - 3*a = 11. What is the remainder when n is divided by t?
8
Let b(o) = 3*o - 44. Let h be b(20). Suppose -6 = -h*d + 138. What is the remainder when 30 is divided by d?
3
Let d be (-3 + 1758/(-36))/((-2)/12). Let g = d - 186. What is the remainder when g is divided by 45?
35
Let h be (4 - -1)*12/45*12. Suppose -5*k + h*f = 17*f - 190, f = 2*k - 83. What is the remainder when 426 is divided by k?
36
Let v(c) = 113*c - 854. Calculate the remainder when v(21) is divided by 13.
11
Let y = 5471 + -4996. Calculate the remainder when 2375 is divided by y.
0
Suppose -5*y + 2*j - 173 = -456, -5*j = -y + 52. Let a = 29 - -3. Calculate the remainder when y is divided by a.
25
Let z = 6 + -1. Let u(y) = 3*y**2 - 10*y + 6. Let j = 137 - 133. Calculate the remainder when u(j) is divided by z.
4
Suppose 9*w + 1151 = -361. Let h = -152 - w. Calculate the remainder when 76 is divided by h.
12
Let f be (2/3)/(3/27). Suppose -4*p + 58 = f. Suppose -15*k + p*k = -26. Calculate the remainder when 25 is divided by k.
12
Suppose -5*h + 4*q - 58 = 0, -2*h - 5*q = h + 57. Let r = -10 - h. Suppose r*c = -c + 65. What is the remainder when 75 is divided by c?
10
Let s(h) = -1 - 10 + 17*h + 0 - h**2. Calculate the remainder when s(8) is divided by 16.
13
Suppose 5*v = 174*v - 9126. Calculate the remainder when 190 is divided by v.
28
Suppose -5*v - 1021 - 1294 = -5*g, 4*v + 922 = 2*g. What is the remainder when g is divided by 121?
102
Suppose 0 = 2*z - f - 13, 4*z + 5*f + 22 = 83. Let v be (3/6)/((-2)/(-8)). What is the remainder when v/7 + (-2)/(-7)*433 is divided by z?
7
Suppose 0*x = 2*x. Suppose 3*c = 3*t - 6, -5*t + 18 = -c - x. Calculate the remainder when 35 is divided by 64/t + -3 + 7.
15
Let r = 61 - -84. Let z(t) = 2*t**3 - 83*t**2 + 41*t + 30. Calculate the remainder when r is divided by z(41).
25
Let h(j) = 15*j - 571. Calculate the remainder when 1186 is divided by h(41).
42
Let i(x) = -2*x - 3. Let b = 522 + -651. Let q = b + 131. Calculate the remainder when i(-6) is divided by q.
1
Let t be 8912/9 + 18/(-81). Suppose 0 = 2*z + 7*z - t. Calculate the remainder when z is divided by 16.
14
Suppose 6*d - 56 = 2*d. Let p(y) = -y**2 - 8*y + 41. Let n be p(-9). Let v = 37 + n. What is the remainder when v is divided by d?
13
Suppose 20*d = 15*d + 200. Suppose 0 = -79*g + 83*g - d. What is the remainder when 459 is divided by g?
9
Let u = -1487 + 10452. What is the remainder when u is divided by 5?
0
Let u(g) = -2*g**3 + g**2 + 2. Let s be u(0). Suppose -4*q + q = 3*p - 21, -s*q + 3*p + 9 = 0. What is the remainder when 26 is divided by q?
2
Suppose 0 = 13*u - 15 - 11. Suppose 2*j - 17 - 1 = 0. What is the remainder when j is divided by (28 - 33)/(14/12 - u)?
3
Let i be (-6)/16 + (-129)/(-24). Suppose 5*f - i*y = -0*f + 10, -f = 3*y + 18. Let j(q) = q**2 - 3*q + 1. Calculate the remainder when 130 is divided by j(f).
16
Let k = -241 - -241. Suppose k = -29*m + 14217 - 3864. What is the remainder when m is divided by 72?
69
Let r = -247 + 254. Suppose -k + 126 = -r*g + 4*g, -2*g + 101 = k. Calculate the remainder when k is divided by 28.
27
Suppose -629 = 3304*m - 3321*m. What is the remainder when 1211 is divided by m?
27
Let m be 3/(-9) + (-43)/(-3). Let p(k) = -8*k + 13. Let s be p(2). Let j = m - s. Calculate the remainder when 33 is divided by j.
16
Suppose -5*j = -2*c + 130, 0 = -c + 564*j - 568*j + 39. Calculate the remainder when 317 is divided by c.
42
Suppose -5*v + 15 = 0, 0 = 3*z - 5*v - 4 - 11. Let l(f) = 36*f**2 + 2*f - 2. Let r be l(1). Suppose 5*c - r = 3*c. What is the remainder when c is divided by z?
8
What is the remainder when 8530 - (4/18)/(4/72*-2) is divided by 39?
30
Let c = -547 - -552. Suppose 5*m + 195 = c*p, p - 5*m + 34 = 57. Calculate the remainder when 210 is divided by p.
38
Let v = 605 + -299. Let o(c) = -c**3 + 15*c**2 + 75*c + 45. Calculate the remainder when v is divided by o(19).
20
Suppose -16 = -2*a - 2*a. Suppose -2 = -a*l + 5*l, 4*l = -3*i + 280. Suppose 5*d - i = 154. What is the remainder when d is divided by 17?
16
Let s(n) = -n**3 + 28*n**2 - 53*n - 445. What is the remainder when s(25) is divided by 5?
0
Let r(x) = 39 - 12 - 28 + 2*x**2 + 3*x - 43. Suppose -3*g + 74 + 10 = 0. What is the remainder when g is divided by r(-6)?
8
Let i be (2/(-1))/(3 - 5). Let z(w) = -109*w + 774. Calculate the remainder when (0 + 21*3)/i is divided by z(7).
8
Let f = 1 + 84. Suppose 1611 = 122*t - 1927. Calculate the remainder when f is divided by t.
27
Suppose 12*y - 1096 = -844. Let w(n) = n**3 + 9*n**2 - 11*n - 12. Let b be w(-10). What is the remainder when 36 + 0/(b - -3) is divided by y?
15
Suppose -136 = -4*l + 4*n, 5*l - 4*n = -5862 + 6036. Calculate the remainder when 1144 is divided by l.
4
Suppose 0 = 3*a - 2*b + 183 - 224, -3*a + 4*b = -31. What is the remainder when 291 is divided by a?
2
Let c(p) = 163*p - 97. Suppose 6*q - 206 - 142 = 0. What is the remainder when c(2) is divided by q?
55
What is the remainder when 3115/42 - 2/12 is divided by (-3)/6*(-304)/8?
17
Let f = -13001 - -13077. Let l(m) = -34*m - 1. Calculate the remainder when f is divided by l(-1).
10
Suppose -5*t - 3*g = -1121 + 367, -3*t - 2*g + 453 = 0. Calculate the remainder when 1786 is divided by t.
147
Let u(r) = r**2 + 42*r + 25. Suppose 23*c = 16*c + 315. What is the remainder when u(-48) is divided by c?
43
Let v(w) = -2*w**2 + 90*w + 3. Suppose 5*j + 0*b = -4*b + 28, -2*j = -3*b - 2. Let g = 13 - j. Calculate the remainder when g is divided by v(45).
0
Suppose -3*o + 790 = 2*m - 379, -m + 588 = 5*o. What is the remainder when m is divided by 39?
37
Let r(u) = -u**3 - 15*u**2 + 56*u + 45. Let f be r(-18). Suppose 0 = -f*j - 460 + 541. What is the remainder when 28 is divided by j?
1
Suppose 40 = o - 3*x + 3, -3*o + 5*x + 111 = 0. What is the remainder when 45 is divided by (-24)/108 - o*(-6)/27?
5
Suppose -293 = 6*y - 305. Let b(l) = 9*l**3 - 6*l + 3. Calculate the remainder when b(y) is divided by 33.
30
Suppose -5*x = -5*g - 50, -8 = x - 5*g - 38. Suppose -x*t + 10 = -10. What is the remainder when 69 is divided by (2 + (-44)/10)/(t/(-40))?
21
Let l = 978 - -339. What is the remainder when l is divided by 60?
57
Let m(o) be the first derivative of o**3/3 + 9*o**2/2 + 25*o - 67. What is the remainder when m(-15) i